{"id":28,"date":"2015-12-20T21:31:19","date_gmt":"2015-12-20T21:31:19","guid":{"rendered":"http:\/\/www.restaurantegloria.com.br\/site\/?page_id=28"},"modified":"2020-03-11T02:41:02","modified_gmt":"2020-03-11T02:41:02","slug":"salao-nobre","status":"publish","type":"page","link":"http:\/\/www.restaurantegloria.com.br\/site\/salao-nobre\/","title":{"rendered":"Sal\u00e3o Nobre"},"content":{"rendered":"<h3 style=\"text-align: justify;\">O Sal\u00e3o Nobre \u00e9 um espa\u00e7o moderno, confort\u00e1vel\u00a0e com estrutura completa. \u00c9 ideal para eventos sociais e corporativos\u00a0com\u00a0capacidade at\u00e9 140 pessoas.<\/h3>\n<h3 style=\"text-align: justify;\">Ele foi projetado com\u00a0todo o requinte e praticidade necess\u00e1rios para receber grandes comemora\u00e7\u00f5es\u00a0e gerar \u00f3timas lembran\u00e7as.<\/h3>\n<p>&nbsp;<\/p>\n<div class=\"quick-gallery page-masonry\"><div class=\"qg-img qg-no-title\" data-defwidth=\"383\"><a href=\"http:\/\/www.restaurantegloria.com.br\/site\/wp-content\/uploads\/2015\/12\/Nobre-1.jpg\" data-rel=\"lightbox[group-281]\" title=\"\" ><img decoding=\"async\" src=\"http:\/\/www.restaurantegloria.com.br\/site\/wp-content\/uploads\/2015\/12\/Nobre-1-383x255.jpg\" alt=\"\"\/><div class=\"qg-overlay\"><span class=\"icon-circle\"><span class=\"pg-icon lightbox-icon\"><\/span><\/span><\/div><\/a><\/div><div class=\"qg-img qg-no-title\" data-defwidth=\"383\"><a href=\"http:\/\/www.restaurantegloria.com.br\/site\/wp-content\/uploads\/2015\/12\/Nobre-3.jpg\" data-rel=\"lightbox[group-281]\" title=\"\" ><img decoding=\"async\" src=\"http:\/\/www.restaurantegloria.com.br\/site\/wp-content\/uploads\/2015\/12\/Nobre-3-383x255.jpg\" alt=\"\"\/><div class=\"qg-overlay\"><span class=\"icon-circle\"><span class=\"pg-icon lightbox-icon\"><\/span><\/span><\/div><\/a><\/div><div class=\"qg-img qg-no-title\" data-defwidth=\"383\"><a href=\"http:\/\/www.restaurantegloria.com.br\/site\/wp-content\/uploads\/2015\/12\/Nobre-2.jpg\" data-rel=\"lightbox[group-281]\" title=\"\" ><img decoding=\"async\" src=\"http:\/\/www.restaurantegloria.com.br\/site\/wp-content\/uploads\/2015\/12\/Nobre-2-383x255.jpg\" alt=\"\"\/><div class=\"qg-overlay\"><span class=\"icon-circle\"><span class=\"pg-icon lightbox-icon\"><\/span><\/span><\/div><\/a><\/div><div class=\"qg-img qg-no-title\" data-defwidth=\"383\"><a href=\"http:\/\/www.restaurantegloria.com.br\/site\/wp-content\/uploads\/2015\/12\/Nobre-16.jpg\" data-rel=\"lightbox[group-281]\" title=\"\" ><img decoding=\"async\" src=\"http:\/\/www.restaurantegloria.com.br\/site\/wp-content\/uploads\/2015\/12\/Nobre-16-383x255.jpg\" alt=\"\"\/><div class=\"qg-overlay\"><span class=\"icon-circle\"><span class=\"pg-icon lightbox-icon\"><\/span><\/span><\/div><\/a><\/div><div class=\"qg-img qg-no-title\" data-defwidth=\"383\"><a href=\"http:\/\/www.restaurantegloria.com.br\/site\/wp-content\/uploads\/2015\/12\/Nobre-14.jpg\" data-rel=\"lightbox[group-281]\" title=\"\" ><img decoding=\"async\" src=\"http:\/\/www.restaurantegloria.com.br\/site\/wp-content\/uploads\/2015\/12\/Nobre-14-383x255.jpg\" alt=\"\"\/><div class=\"qg-overlay\"><span class=\"icon-circle\"><span class=\"pg-icon lightbox-icon\"><\/span><\/span><\/div><\/a><\/div><div class=\"qg-img qg-no-title\" data-defwidth=\"383\"><a href=\"http:\/\/www.restaurantegloria.com.br\/site\/wp-content\/uploads\/2015\/12\/Nobre-13.jpg\" data-rel=\"lightbox[group-281]\" title=\"\" ><img decoding=\"async\" src=\"http:\/\/www.restaurantegloria.com.br\/site\/wp-content\/uploads\/2015\/12\/Nobre-13-383x255.jpg\" alt=\"\"\/><div class=\"qg-overlay\"><span class=\"icon-circle\"><span class=\"pg-icon lightbox-icon\"><\/span><\/span><\/div><\/a><\/div><div class=\"qg-img qg-no-title\" data-defwidth=\"383\"><a href=\"http:\/\/www.restaurantegloria.com.br\/site\/wp-content\/uploads\/2015\/12\/Nobre-12.jpg\" data-rel=\"lightbox[group-281]\" title=\"\" ><img decoding=\"async\" src=\"http:\/\/www.restaurantegloria.com.br\/site\/wp-content\/uploads\/2015\/12\/Nobre-12-383x255.jpg\" alt=\"\"\/><div class=\"qg-overlay\"><span class=\"icon-circle\"><span class=\"pg-icon lightbox-icon\"><\/span><\/span><\/div><\/a><\/div><div class=\"qg-img qg-no-title\" data-defwidth=\"383\"><a href=\"http:\/\/www.restaurantegloria.com.br\/site\/wp-content\/uploads\/2015\/12\/Nobre-11.jpg\" data-rel=\"lightbox[group-281]\" title=\"\" ><img decoding=\"async\" src=\"http:\/\/www.restaurantegloria.com.br\/site\/wp-content\/uploads\/2015\/12\/Nobre-11-383x255.jpg\" alt=\"\"\/><div class=\"qg-overlay\"><span class=\"icon-circle\"><span class=\"pg-icon lightbox-icon\"><\/span><\/span><\/div><\/a><\/div><div class=\"qg-img qg-no-title\" data-defwidth=\"383\"><a href=\"http:\/\/www.restaurantegloria.com.br\/site\/wp-content\/uploads\/2015\/12\/Nobre-9.jpg\" data-rel=\"lightbox[group-281]\" title=\"\" ><img decoding=\"async\" src=\"http:\/\/www.restaurantegloria.com.br\/site\/wp-content\/uploads\/2015\/12\/Nobre-9-383x255.jpg\" alt=\"\"\/><div class=\"qg-overlay\"><span class=\"icon-circle\"><span class=\"pg-icon lightbox-icon\"><\/span><\/span><\/div><\/a><\/div><div class=\"qg-img qg-no-title\" data-defwidth=\"383\"><a href=\"http:\/\/www.restaurantegloria.com.br\/site\/wp-content\/uploads\/2015\/12\/Nobre-8.jpg\" data-rel=\"lightbox[group-281]\" title=\"\" ><img decoding=\"async\" src=\"http:\/\/www.restaurantegloria.com.br\/site\/wp-content\/uploads\/2015\/12\/Nobre-8-383x255.jpg\" alt=\"\"\/><div class=\"qg-overlay\"><span class=\"icon-circle\"><span class=\"pg-icon lightbox-icon\"><\/span><\/span><\/div><\/a><\/div><div class=\"qg-img qg-no-title\" data-defwidth=\"383\"><a href=\"http:\/\/www.restaurantegloria.com.br\/site\/wp-content\/uploads\/2015\/12\/Nobre-10.jpg\" data-rel=\"lightbox[group-281]\" title=\"\" ><img decoding=\"async\" src=\"http:\/\/www.restaurantegloria.com.br\/site\/wp-content\/uploads\/2015\/12\/Nobre-10-383x255.jpg\" alt=\"\"\/><div class=\"qg-overlay\"><span class=\"icon-circle\"><span class=\"pg-icon lightbox-icon\"><\/span><\/span><\/div><\/a><\/div><div class=\"qg-img qg-no-title\" data-defwidth=\"383\"><a href=\"http:\/\/www.restaurantegloria.com.br\/site\/wp-content\/uploads\/2015\/12\/Nobre-7.jpg\" data-rel=\"lightbox[group-281]\" title=\"\" ><img decoding=\"async\" src=\"http:\/\/www.restaurantegloria.com.br\/site\/wp-content\/uploads\/2015\/12\/Nobre-7-383x255.jpg\" alt=\"\"\/><div class=\"qg-overlay\"><span class=\"icon-circle\"><span class=\"pg-icon lightbox-icon\"><\/span><\/span><\/div><\/a><\/div><div class=\"qg-img qg-no-title\" data-defwidth=\"383\"><a href=\"http:\/\/www.restaurantegloria.com.br\/site\/wp-content\/uploads\/2015\/12\/Nobre-6.jpg\" data-rel=\"lightbox[group-281]\" title=\"\" ><img decoding=\"async\" src=\"http:\/\/www.restaurantegloria.com.br\/site\/wp-content\/uploads\/2015\/12\/Nobre-6-383x255.jpg\" alt=\"\"\/><div class=\"qg-overlay\"><span class=\"icon-circle\"><span class=\"pg-icon lightbox-icon\"><\/span><\/span><\/div><\/a><\/div><div class=\"qg-img qg-no-title\" data-defwidth=\"383\"><a href=\"http:\/\/www.restaurantegloria.com.br\/site\/wp-content\/uploads\/2015\/12\/Nobre-15.jpg\" data-rel=\"lightbox[group-281]\" title=\"\" ><img decoding=\"async\" src=\"http:\/\/www.restaurantegloria.com.br\/site\/wp-content\/uploads\/2015\/12\/Nobre-15-383x255.jpg\" alt=\"\"\/><div class=\"qg-overlay\"><span class=\"icon-circle\"><span class=\"pg-icon lightbox-icon\"><\/span><\/span><\/div><\/a><\/div><div class=\"qg-img qg-no-title\" data-defwidth=\"383\"><a href=\"http:\/\/www.restaurantegloria.com.br\/site\/wp-content\/uploads\/2015\/12\/Sal\u00e3o-Nobre-1.jpg\" data-rel=\"lightbox[group-281]\" title=\"\" ><img decoding=\"async\" src=\"http:\/\/www.restaurantegloria.com.br\/site\/wp-content\/uploads\/2015\/12\/Sal\u00e3o-Nobre-1-383x255.jpg\" alt=\"\"\/><div class=\"qg-overlay\"><span class=\"icon-circle\"><span class=\"pg-icon lightbox-icon\"><\/span><\/span><\/div><\/a><\/div><div class=\"qg-img qg-no-title\" data-defwidth=\"383\"><a href=\"http:\/\/www.restaurantegloria.com.br\/site\/wp-content\/uploads\/2015\/12\/Sal\u00e3o-Nobre-2.jpg\" data-rel=\"lightbox[group-281]\" title=\"\" ><img decoding=\"async\" src=\"http:\/\/www.restaurantegloria.com.br\/site\/wp-content\/uploads\/2015\/12\/Sal\u00e3o-Nobre-2-383x255.jpg\" alt=\"\"\/><div class=\"qg-overlay\"><span class=\"icon-circle\"><span class=\"pg-icon lightbox-icon\"><\/span><\/span><\/div><\/a><\/div><div class=\"qg-img qg-no-title\" data-defwidth=\"383\"><a href=\"http:\/\/www.restaurantegloria.com.br\/site\/wp-content\/uploads\/2015\/12\/Sal\u00e3o-Nobre-3.jpg\" data-rel=\"lightbox[group-281]\" title=\"\" ><img decoding=\"async\" src=\"http:\/\/www.restaurantegloria.com.br\/site\/wp-content\/uploads\/2015\/12\/Sal\u00e3o-Nobre-3-383x255.jpg\" alt=\"\"\/><div class=\"qg-overlay\"><span class=\"icon-circle\"><span class=\"pg-icon lightbox-icon\"><\/span><\/span><\/div><\/a><\/div><div class=\"qg-img qg-no-title\" data-defwidth=\"383\"><a href=\"http:\/\/www.restaurantegloria.com.br\/site\/wp-content\/uploads\/2015\/12\/Sal\u00e3o-Nobre-4.jpg\" data-rel=\"lightbox[group-281]\" title=\"\" ><img decoding=\"async\" src=\"http:\/\/www.restaurantegloria.com.br\/site\/wp-content\/uploads\/2015\/12\/Sal\u00e3o-Nobre-4-383x255.jpg\" alt=\"\"\/><div class=\"qg-overlay\"><span class=\"icon-circle\"><span class=\"pg-icon lightbox-icon\"><\/span><\/span><\/div><\/a><\/div><div class=\"qg-img qg-no-title\" data-defwidth=\"383\"><a href=\"http:\/\/www.restaurantegloria.com.br\/site\/wp-content\/uploads\/2015\/12\/Sal\u00e3o-Nobre-5.jpg\" data-rel=\"lightbox[group-281]\" title=\"\" ><img decoding=\"async\" src=\"http:\/\/www.restaurantegloria.com.br\/site\/wp-content\/uploads\/2015\/12\/Sal\u00e3o-Nobre-5-383x255.jpg\" alt=\"\"\/><div class=\"qg-overlay\"><span class=\"icon-circle\"><span class=\"pg-icon lightbox-icon\"><\/span><\/span><\/div><\/a><\/div><div class=\"qg-img qg-no-title\" data-defwidth=\"383\"><a href=\"http:\/\/www.restaurantegloria.com.br\/site\/wp-content\/uploads\/2015\/12\/Sal\u00e3o-Nobre-6.jpg\" data-rel=\"lightbox[group-281]\" title=\"\" ><img decoding=\"async\" src=\"http:\/\/www.restaurantegloria.com.br\/site\/wp-content\/uploads\/2015\/12\/Sal\u00e3o-Nobre-6-383x255.jpg\" alt=\"\"\/><div class=\"qg-overlay\"><span class=\"icon-circle\"><span class=\"pg-icon lightbox-icon\"><\/span><\/span><\/div><\/a><\/div><div class=\"qg-img qg-no-title\" data-defwidth=\"383\"><a href=\"http:\/\/www.restaurantegloria.com.br\/site\/wp-content\/uploads\/2015\/12\/Sal\u00e3o-Nobre-7.jpg\" data-rel=\"lightbox[group-281]\" title=\"\" ><img decoding=\"async\" src=\"http:\/\/www.restaurantegloria.com.br\/site\/wp-content\/uploads\/2015\/12\/Sal\u00e3o-Nobre-7-383x355.jpg\" alt=\"\"\/><div class=\"qg-overlay\"><span class=\"icon-circle\"><span class=\"pg-icon lightbox-icon\"><\/span><\/span><\/div><\/a><\/div><div class=\"qg-img qg-no-title\" data-defwidth=\"383\"><a href=\"http:\/\/www.restaurantegloria.com.br\/site\/wp-content\/uploads\/2015\/12\/Sal\u00e3o-Nobre-9.jpg\" data-rel=\"lightbox[group-281]\" title=\"\" ><img decoding=\"async\" src=\"http:\/\/www.restaurantegloria.com.br\/site\/wp-content\/uploads\/2015\/12\/Sal\u00e3o-Nobre-9-383x255.jpg\" alt=\"\"\/><div class=\"qg-overlay\"><span class=\"icon-circle\"><span class=\"pg-icon lightbox-icon\"><\/span><\/span><\/div><\/a><\/div><div class=\"qg-img qg-no-title\" data-defwidth=\"383\"><a href=\"http:\/\/www.restaurantegloria.com.br\/site\/wp-content\/uploads\/2015\/12\/Sal\u00e3o-Nobre-10.jpg\" data-rel=\"lightbox[group-281]\" title=\"\" ><img decoding=\"async\" src=\"http:\/\/www.restaurantegloria.com.br\/site\/wp-content\/uploads\/2015\/12\/Sal\u00e3o-Nobre-10-383x255.jpg\" alt=\"\"\/><div class=\"qg-overlay\"><span class=\"icon-circle\"><span class=\"pg-icon lightbox-icon\"><\/span><\/span><\/div><\/a><\/div><div class=\"clear\"><\/div><\/div>\n<div class=\"section-full-width section-dark-bg parallax-fixed\" style=\"background-color:#c3bc6b;\" id=\"section-1\"><div style=\"background-image:url(http:\/\/www.restaurantegloria.com.br\/site\/wp-content\/uploads\/2015\/12\/Sal\u00e3o_Nobre.jpg); opacity:0.2; filter: alpha(opacity=20);\" class=\"full-bg-image\" ><\/div><div class=\"section-boxed\" style=\"color:#39892f;\"><div class=\"cta-element\"><h2 class=\"cta-title\">FA\u00c7A UM OR\u00c7AMENTO<\/h2><a class=\"button\" href=\"http:\/\/www.restaurantegloria.com.br\/site\/contato\/\" style=\"background-color:#9a6732\">Solicitar Agora<\/a><\/div>\n<\/div><\/div>\n","protected":false},"excerpt":{"rendered":"<p>O Sal\u00e3o Nobre \u00e9 um espa\u00e7o moderno, confort\u00e1vel\u00a0e com estrutura completa. \u00c9 ideal para eventos sociais e corporativos\u00a0com\u00a0capacidade at\u00e9 140 [&hellip;]<\/p>\n","protected":false},"author":1,"featured_media":0,"parent":0,"menu_order":0,"comment_status":"closed","ping_status":"closed","template":"template-full-custom.php","meta":{"footnotes":""},"class_list":["post-28","page","type-page","status-publish","hentry"],"_links":{"self":[{"href":"http:\/\/www.restaurantegloria.com.br\/site\/wp-json\/wp\/v2\/pages\/28","targetHints":{"allow":["GET"]}}],"collection":[{"href":"http:\/\/www.restaurantegloria.com.br\/site\/wp-json\/wp\/v2\/pages"}],"about":[{"href":"http:\/\/www.restaurantegloria.com.br\/site\/wp-json\/wp\/v2\/types\/page"}],"author":[{"embeddable":true,"href":"http:\/\/www.restaurantegloria.com.br\/site\/wp-json\/wp\/v2\/users\/1"}],"replies":[{"embeddable":true,"href":"http:\/\/www.restaurantegloria.com.br\/site\/wp-json\/wp\/v2\/comments?post=28"}],"version-history":[{"count":22,"href":"http:\/\/www.restaurantegloria.com.br\/site\/wp-json\/wp\/v2\/pages\/28\/revisions"}],"predecessor-version":[{"id":284,"href":"http:\/\/www.restaurantegloria.com.br\/site\/wp-json\/wp\/v2\/pages\/28\/revisions\/284"}],"wp:attachment":[{"href":"http:\/\/www.restaurantegloria.com.br\/site\/wp-json\/wp\/v2\/media?parent=28"}],"curies":[{"name":"wp","href":"https:\/\/api.w.org\/{rel}","templated":true}]}}